. Let o(b) = -4*b**3 - b**2 + b - 1. Give o(j).
-5
Let n(d) = -2*d + 4. Let l be n(6). Let f(j) = j**3 + 8*j**2 - 4. What is f(l)?
-4
Let a = 0 - -2. Suppose 0 = -4*c - c + 5. Let g(s) = s - c - 2*s**2 - s**3 - s**3 + 3*s**3. Determine g(a).
1
Let o(x) = -x - 1 + 16*x - 3*x. Let n(v) = v**2 + 7*v + 8. Let w be n(-6). Suppose -w*m = -7*m + 5. What is o(m)?
11
Let y(c) be the first derivative of -2*c**3/3 - c**2/2 - 4. Let u(m) = -10*m**2 - 5*m. Suppose 2*h - 4 = -8. Let v(d) = h*u(d) + 11*y(d). What is v(-1)?
-1
Let f(t) = -6*t - 2 + 3*t + 2*t. Suppose 3*a - 14 = -6*i + i, -5*a + 4*i + 11 = 0. Determine f(a).
-5
Let m(v) = -v**3 + 5*v**2 - 4. Let h(y) = -2*y + 0*y - 5 + 0*y - 2. Let l be h(-6). Give m(l).
-4
Let n(l) be the second derivative of l**5/20 - l**4/12 + 4*l. Let a(o) = o**2 - 3*o - 5. Let b be a(4). Let k be (b + (2 - 2))*0. Give n(k).
0
Let c be (-3)/6*(8 + -14). Let r(g) = 2*g**3 - 5*g**2 + 3*g + 3. Calculate r(c).
21
Suppose 3*t + 3*t = 30. Let k(c) = -c**2 + 5*c - 6. Determine k(t).
-6
Suppose f + 13 = 3*l + 1, 11 = -3*f + 4*l. Suppose -f*n - 8 = -5*n. Suppose 0 = n*w - 0*w + 4. Let j(t) = 2*t**3. Determine j(w).
-2
Let y(z) = 2*z**3. Let m(d) = 11*d**3 - 5*d**2 + 2. Let c(g) = m(g) - 6*y(g). Let v(a) = a - 6. Let x be v(5). Let o be (x/(-1))/(1/(-5)). Determine c(o).
2
Let m(z) = z**2 - 4*z - 1. Let x(i) = -i. Let n be x(-3). Calculate m(n).
-4
Let a(j) = j**2 - j + 3. Let q(d) = -d - 5. Suppose -4*i = 35 + 25. Let h be (-1 - 0)/((-3)/i). Let y be q(h). Give a(y).
3
Suppose 22*f + 12 = 20*f. Let h(n) = -n - 9. What is h(f)?
-3
Let l(b) be the second derivative of -1/6*b**3 + 5/2*b**2 + 0 - 4*b. Calculate l(0).
5
Suppose 80*l - 89*l + 18 = 0. Let g(x) = 2*x - 2. What is g(l)?
2
Let y = 13 - 16. Let q(i) = -5*i - 3. What is q(y)?
12
Let j = -1 + 4. Let y(w) be the second derivative of -w + 5/2*w**2 - 1/6*w**j + 0. Give y(5).
0
Let r(k) = -k**3 + 6*k**2 + 2*k - 2. Suppose -30*v + 27*v + 18 = 0. Determine r(v).
10
Let h(x) = 4*x - 13. Let a(m) = m - 6. Let d(t) = -7*a(t) + 3*h(t). What is d(3)?
18
Let i(x) = 12*x - 3 - 7*x + 6 + 0. Determine i(4).
23
Let f = 104 - 107. Let v(d) = -d. What is v(f)?
3
Let m(d) = 3*d + 4. Let t(v) = -v. Suppose 0 = -h + 2*b + 3, 4*h + b + 12 = -3*b. Let z(y) = h*m(y) - t(y). Calculate z(-5).
6
Suppose 0 = -4*u - 4 + 12. Suppose 4*g + u*m = 0, -m + 0*m - 2 = g. Let n(l) = 2*l**2 - l - 1. Give n(g).
5
Suppose -4 = -y - 2. Suppose 12 = -y*p + 4*p. Let t(j) = -j**2 + 7*j - 4. What is t(p)?
2
Suppose -2*a - 12 = a, 5*a = -2*l - 20. Let u(n) = -n. Calculate u(l).
0
Let d(g) be the third derivative of g**5/60 - 5*g**4/24 + g**3/3 - 5*g**2. Calculate d(2).
-4
Suppose x + 6 = 4*r, 2*r = r + 2. Let z(q) = 5*q - q**2 + 2*q**x + 6 - 4*q**2 - 1 - q**3. Let u = 3 - 7. What is z(u)?
1
Let i(x) = 8 - 7*x**2 + 6*x**3 - 6*x**3 - x**3. Give i(-7).
8
Let s be (2 - (-8)/(-6))*-9. Let j(x) = 6 + x + x**2 - 2*x**2 - 5*x. Determine j(s).
-6
Suppose 5*h + 7 = -13, -3*h = -v + 8. Let k(o) be the first derivative of -o**4/4 - 5*o**3/3 - 3*o**2 - 6*o - 2. What is k(v)?
2
Let q(h) = -h - 6. Suppose f - 2 = -4*c + 1, 0 = -c - 4*f + 12. Suppose -2*n - 1 + 11 = c. Suppose 4*a - 5*x + 59 = 14, 15 = 2*a + n*x. Give q(a).
-1
Let j(z) be the second derivative of -z**5/20 - 5*z**4/12 - z**3/2 + z**2 - 13*z. Give j(-4).
-2
Let d(a) = -a**3 + 5*a**2 - 6*a + 6. Suppose m - 4 = -0*m. What is d(m)?
-2
Let i be (8/(-6))/(6/9). Let a(z) = 3*z**2 + 3*z. Let p be a(i). Suppose -3*b + 2*m = p - 20, 4*m + 10 = -3*b. Let g(j) = 3*j**2 - 3*j. Determine g(b).
6
Suppose 1 + 24 = 5*z. Suppose -3*f = z + 4. Let o be 6/(3 + f + 2). Let a(t) = t**3 - 2*t**2 - 3*t + 1. Calculate a(o).
1
Let r(l) = -l. Let f be (-18)/(-8) - 4/16. Suppose 1 + 1 = t. Suppose t*x - 10 = -f. Determine r(x).
-4
Suppose 9 + 9 = -3*m. Let t(c) = -c - 6. Calculate t(m).
0
Let d(q) be the second derivative of 0*q**4 + 0 + 1/3*q**3 + 0*q**2 - 1/24*q**5 - q. Let f(a) be the second derivative of d(a). What is f(-1)?
5
Let p(x) = -x**3 - 6*x**2 - 6*x - 2. Let a be p(-5). Let z = 7 - 3. Let l(t) = -t**3 + t - 2*t**2 - z*t + 4*t + 1 + 5*t**2. What is l(a)?
4
Let v(h) be the first derivative of h**3/3 - 3*h**2/2 + 3*h + 1. Let o be v(3). Let f(w) = -w + o*w - 4*w**2 - 6 + 3*w**2 - 9*w. Calculate f(-5).
4
Let h(t) = -t**2 + 10. Suppose 3*k = 2*w - 0*w - 6, 5*w + 4*k + 8 = 0. Calculate h(w).
10
Let z be (2 - 3 - -3) + -1. Let c(u) = 5*u**2 + 1. What is c(z)?
6
Let l(s) = -2*s - 3. Let n be l(-4). Let v(p) = p - 10. Give v(n).
-5
Let s(a) = -149*a**2 + 7 + a**3 + 142*a**2 + a + 4*a. Calculate s(6).
1
Suppose 3*o + 18 = 3. Let k(w) = 0 + 5*w + 6*w**2 - 5 - 2*w**3 - 3*w**3 + 6*w**3. Let i be k(o). Let r(a) = a**2 + 5*a - 1. Calculate r(i).
-1
Let z be ((-2)/6)/((-1)/15). Suppose 4*k - z = 15. Let o(l) = -k - 3 + l - 4. Calculate o(5).
-7
Let d(y) = -4*y**2 - 9*y + 2. Let f(o) = -9*o**2 - 19*o + 4. Let n(j) = 13*d(j) - 6*f(j). Suppose h = 3*x + 2*x - 12, 2*h - 5*x + 9 = 0. Give n(h).
11
Let z(i) = i**2 + 3*i + 1. Let w = 0 - 2. Determine z(w).
-1
Let r(t) = -1 - 3*t**3 + 6 - 2*t**2 - 4. Calculate r(1).
-4
Suppose -4*d - 2*s + 12 = 0, -4*d + 4*s + 46 = 10. Suppose f = d*f. Let l(u) be the first derivative of -u**3/3 - 7*u - 1. Give l(f).
-7
Let f(r) be the third derivative of -r**4/24 - r**3/6 - 8*r**2. Determine f(4).
-5
Let t(b) be the third derivative of b**4/24 - 3*b**3/2 - 42*b**2. Give t(8).
-1
Let l(t) = -3*t**2 - 8*t + 3. Let x(a) = -2*a**2 - 9*a + 3. Let c(j) = -3*l(j) + 4*x(j). Give c(12).
3
Let l = 47 + -42. Let f(r) = r**2 - 6*r + 3. What is f(l)?
-2
Suppose -4*u - 3*r - 32 = 0, -6 = 4*u - 3*r + 2. Let p be (2 + -1)/(u/5). Let z(h) = -h**3 + h**2 - h - 1. Determine z(p).
2
Let v be (-20)/4 + 3 - 2. Let z(l) = -3*l. Let c(s) = -5*s + 1. Let m(x) = 4*c(x) - 7*z(x). What is m(v)?
0
Suppose 2*d - 2*f = 2, 2*d - 3*d - 4*f + 6 = 0. Let z(u) = -2*u**3 + 2 + 0*u**3 + u**d + 3*u**3 - 3*u**2 - u. Calculate z(3).
8
Let i be (-16)/(-3 - -1 - -1). Let f = 22 - i. Let j be (-2)/4 + 39/f. Let z(u) = u**2 - 4*u - 7. Give z(j).
5
Let k(f) = f**3 + 4*f**2 + 2*f - 1. Let u(y) = 2*y**2 + 25*y - 16. Let j be u(-13). What is k(j)?
2
Let g(k) be the first derivative of 3/2*k**2 - 4/3*k**3 - 1/4*k**4 - 1 + 6*k. Suppose 3*r - r + 10 = -4*z, r + 9 = -3*z. Give g(z).
-6
Let s(v) = v - 2*v + 0*v - v**2. Suppose 4 = -3*w - 2. Give s(w).
-2
Let z(v) = -5*v**2 + v. Let a be z(1). Let i(r) be the first derivative of -r**3/3 - 3*r**2/2 + r - 24. Give i(a).
-3
Let b(g) = g**3 + 2*g**2 - 4*g - 1. Let a be b(-3). Let u(w) = -w + 1. Give u(a).
-1
Suppose -4*b + 6 = -2*b. Let w = b - 1. Let v(k) = -k**3 + k**2 - 5*k - 1. Let n(o) = -3*o**3 + 3*o**2 - 11*o - 3. Let x(u) = 2*n(u) - 5*v(u). Give x(w).
1
Let a be 3*(-3)/(-18)*34. Suppose -a = -2*n - 1. Let y = -9 + n. Let r(g) = -g**3 - g**2 + 1. Calculate r(y).
1
Let w(b) = -b**2 + 4*b + 7. Let d be w(5). Let l(k) = -2*k - k + k + 5*k + k**d. Determine l(-3).
0
Let s(o) = -o - 3. Let r(p) = -3*p**3 - 7*p**2. Let a(b) = 5*b**3 + 13*b**2. Let q(f) = 4*a(f) + 7*r(f). Let t be q(3). Let c = 0 + t. Calculate s(c).
-3
Suppose -3*m + 4*v - 16 = 0, -2*v = 4*m - 1 - 7. Let c be m/6 + 5 + -1. Let n(l) = -l**2 + 6*l - 1. Give n(c).
7
Let j = -1 - -1. Let v(k) = 0 - 2 - 219*k + 220*k. Let d be v(j). Let b(o) = -2*o + 1. Give b(d).
5
Let p be ((-6)/(-5))/(-2 - 27/(-15)). Let k(f) = f + 7 - f**2 - 5*f + 0*f. Calculate k(p).
-5
Let r(i) = -i**2 + 7*i + 3. Let k be (-4)/36 + (-64)/(-9). Determine r(k).
3
Let c(s) = -s**3 + 3*s**2 + 4*s - 5. Suppose 0 = 4*z - 27 + 11. What is c(z)?
-5
Let k(x) = x**3 + 7*x**2 - 2*x - 2. Let h be k(-7). Let b = h + -8. Let m(n) = -4*n**2 + b*n**2 - n - 2 + n**2. Calculate m(0).
-2
Let c(k) = -5 - 2*k**2 + k**2 - 5*k**2 + k**3 + 5*k + k**2. Give c(4).
-1
Let x(t) = -t + 1 - 5 - 4*t + 4*t. Let v be (3/(-4))/((-5)/(-20)). Give x(v).
-1
Let s(q) = -3*q - 18*q**3 + 17*q**3 - 10*q + 16*q - 2. Suppose 2*d - 3 - 5 = 0. Suppose -d = g - 3*g. Calculate s(g).
-4
Let p(v) = -5*v + 7. Let y be ((-10)/15)/((-1)/(-3)). Let h(x) = 6*x - 8. Let c(w) = y*h(w) - 3*p(w). Let r = 0 + 4. Determine c(r).
7
Suppose 0 = 2*l + 3 + 1. Let m = 3 - l. Let t(o) = -m + 2*o + 2*o - 3*o + o. Calculate t(5).
5
Let b be (-19)/(-7) + 4/14. Let j(s) = 0*s - 2*s + 3 - 1 + s**2. Determine j(b).